omposite?
True
Suppose 2*r - 39581 = -4*f + 665473, -f + r + 176256 = 0. Is f a prime number?
True
Suppose 0 = 3*z - 25591 + 78970. Let m = z - -30506. Is m a composite number?
False
Is ((-75)/100)/(1166670/(-388888) - -3) a prime number?
True
Suppose -2*h - 2133 - 260 = -5*n, -3*n - 5*h = -1442. Is n a prime number?
True
Let d(x) be the third derivative of -x**6/10 - x**5/15 + 5*x**4/24 - 7*x**3/3 + 43*x**2. Is d(-5) prime?
True
Suppose 104701 + 398130 = 16*m + 13*m. Is m prime?
False
Let v = 58515 - 32353. Let r = v - 16495. Is r a composite number?
True
Let s = -797 + 1966. Let c = s - 536. Is c a prime number?
False
Suppose 60 = 2*c - 4*w, -2*c = 2*w - 17 - 73. Suppose c*n - 46*n + 8736 = 0. Suppose 0 = 2*o - 3*d - n, -5*o - 2*d + 4846 = 1168. Is o a prime number?
False
Let h(r) = 795*r**2 + 46*r + 82. Is h(7) a prime number?
True
Let c(g) = g**3 + g**2 - 3*g + 5. Let l be c(0). Suppose -v - b = -l*b - 7319, 5*b + 10 = 0. Is v a prime number?
False
Let m(s) = -s**2 - 1. Let y(c) = -8*c**2 - 7*c - 25. Let d(z) = 6*m(z) - y(z). Let g = -1692 + 1704. Is d(g) a prime number?
False
Let t(b) = 13646*b - 1845. Is t(17) a composite number?
False
Let y(w) = -864*w - 25. Let l be y(1). Suppose -4*n = -5*n - 5*p - 288, n + p = -300. Let t = n - l. Is t composite?
True
Suppose 0*o - 4*o = x - 56747, -5*x = 2*o - 28387. Suppose -4*r + o = -2*b - 3572, 3*r + b = 13326. Is r composite?
False
Let n(d) be the second derivative of 5*d**3/2 - 11*d**2/2 - 16*d. Let x be n(13). Suppose 5*u - x = 1451. Is u a composite number?
True
Is (-9173425)/(-35) - (28/(-182) - 92/(-91)) prime?
False
Let g be 6/18 - (790/3 - 3). Let h = -103 - g. Is h a prime number?
True
Suppose 0 = -5*t + 3*k, 4*k = -3*t + 5*k. Suppose -3*c = -c - 5*w + 2, 5*w - 10 = t. Is (-2)/c - (-3679)/26 a composite number?
True
Suppose -40*y + 34*y = -18. Suppose -4*f - 7 = 5, 0 = -3*m + y*f + 35340. Is m a prime number?
True
Let u(x) = -84767*x + 353. Is u(-4) a composite number?
True
Let n(o) be the third derivative of 2627*o**4/24 + 325*o**3/6 + 3*o**2 - 5*o. Is n(8) a composite number?
False
Suppose 0 = 4*f - 4*j + 18 + 6, 4*f - 1 = -j. Let y be ((-56)/(-20))/(f/230). Let s = -289 - y. Is s a prime number?
False
Let a = 707833 + -425552. Is a a composite number?
False
Is -3*(6 - (-4512403)/(-21)) composite?
True
Let c = 4347 + 18266. Is c prime?
True
Let l(w) = -w**3 - 9*w**2 - 14*w - 13. Let r be l(-7). Let p(h) be the third derivative of h**6/120 + 4*h**5/15 + h**4/6 - 2*h**3/3 - 12*h**2. Is p(r) prime?
False
Suppose 2*z + 4 = 10. Suppose -2*t + 2*s = 1 + 1, -4*s = z*t - 4. Suppose -q + 3*h + 895 = 0, 0 = -t*h + 2*h + 4. Is q prime?
False
Suppose -1046*h + 312 = -1040*h. Suppose h*j - 53*j = -30273. Is j a prime number?
False
Let r(c) = 5*c**2 - 7*c - 11. Let b be (6/15)/(4/120). Suppose -4*x + 7*x + b = 0. Is r(x) composite?
False
Let y be (19 - (-42)/7) + 6. Suppose 19*n - y*n = -8004. Is n a prime number?
False
Let g(t) = -t**3 + t**2. Let k(a) = -138*a**3 + 5*a**2 - 3*a + 1. Let i(d) = 5*g(d) - k(d). Let y(b) = b**2 + 27*b + 28. Let u be y(-26). Is i(u) composite?
False
Let y be (-4 - -7 - 4) + 2/(-1). Let a be 4*(-2 - y) - (-7 + 6). Suppose 2*z - 6252 = -a*d + d, 3*d + 3*z - 4689 = 0. Is d a prime number?
False
Let o(w) = 10*w - 32. Let t be o(10). Suppose 2*z + t = 730. Is z a prime number?
True
Let i(m) be the third derivative of -m**6/24 - m**5/12 + m**4/6 - 15*m**3/2 + 46*m**2 - 2. Is i(-7) a prime number?
False
Suppose 16*t - 5*q = 14*t + 3756, -5*t + q + 9344 = 0. Let f = -366 + -739. Let m = f + t. Is m prime?
False
Let d be 3264/(-9)*-3*(-29)/(-2). Suppose 3*x = 15, -3*h + 5*x + 30672 = -d. Is h a composite number?
True
Is (-10 - -14)*(-2879559)/(-36) prime?
False
Suppose -161*n + 21538 = -139*n. Is n a composite number?
True
Let c = 369 - 368. Is c + (-3642)/(-6 - -3) + 4 a prime number?
False
Let d = -21174 - -8282. Is 10/(-4)*d/110 prime?
True
Let d = 110 - 105. Is d/(-10)*-2*1841 composite?
True
Let j(g) = 1237*g**2 + 23*g + 955. Is j(37) composite?
False
Suppose -4*d = o - 12, 0 = -5*o + 3*d - 5*d + 6. Suppose -2*z + 6*z - 2*m - 85140 = o, 5*m - 20 = 0. Is z prime?
False
Suppose 161*q + 115230612 = 195611368 + 152959603. Is q prime?
True
Let r be 22/(0 + (3 - 1)). Suppose -r*u + 3*u = -24. Suppose -2*k = -4*b + u*b + 45, -5*b + 264 = 3*k. Is b a prime number?
False
Suppose -n + 5 = 3*s, 0 = -0*n + 2*n + 5*s - 12. Suppose -21 + n = -o. Suppose 0 = 5*r + o, 6*r = 2*m + 3*r - 148. Is m a composite number?
False
Let m(r) = -750*r**3 - 4*r**2 - 4*r - 23. Is m(-8) a composite number?
False
Suppose -z + 7*y + 51 = 2*y, -y = z - 21. Let q = z - -4. Is 18/135 + 34886/q a prime number?
True
Is (-287849)/(-4) + 117/156 composite?
False
Is 11 + -11 - 1/(5 - (-11831624)/(-2366324)) composite?
False
Let j = 10646 + 11223. Is j a composite number?
True
Is 196774 - ((-5)/2)/((-2)/4) prime?
True
Let y(w) = 3*w**2 + 126*w + 2. Let p be y(-42). Suppose 3*l - 26421 = -3*k, 2*l - 3*l + 8795 = -p*k. Is l composite?
False
Let w(t) = -t**3 + 39*t**2 + 83*t - 39. Let g be w(41). Suppose 5*v = -a + 9, 5*v + 3*a - 3 - 4 = 0. Is 1117*(v + -3 + g) composite?
False
Let n(a) = 253*a**2 - 30*a - 294. Is n(19) a prime number?
True
Let f(r) = 133*r**2 - 4*r + 2. Let u be ((-8)/(-16))/((-1)/(-6)). Suppose 1 = 4*w - u*w. Is f(w) prime?
True
Let v(r) = 85*r + 24*r**2 + 0 - 74*r + 12*r**2 - 2. Is v(3) prime?
False
Let k(t) = 15 - 55*t + 39*t + 24*t**2 + 42*t. Suppose -23 + 100 = 7*m. Is k(m) a composite number?
True
Suppose -2*d + 54070 = 4*v, 9172 = 4*d - 6*v - 98940. Is d composite?
False
Let z(y) = 419*y + 96137. Is z(0) composite?
False
Let j(m) = 2*m**3 - 11*m**2 + 22*m - 34. Let v = -58 - -72. Let z be j(v). Let b = -2491 + z. Is b composite?
True
Let c(n) = 10481*n - 5821. Is c(10) prime?
False
Let y = 30 + 912. Let g = y - 548. Is g prime?
False
Suppose 0*h + 544200 = -10*h. Is h/8*(-2)/3 prime?
False
Suppose -616991 = 49*i - 2166714. Is i a prime number?
True
Suppose 5*i + 2*s = 106897, -s = -i - 2*s + 21383. Is i a composite number?
False
Let g(m) = 472*m - 13. Let t be g(7). Let z(j) = -10*j - 7. Let v be z(-1). Suppose 6*q = v*q + t. Is q composite?
False
Suppose -13 - 15 = -7*w. Suppose d - w*v = 1099, -2*d = -3*d + 3*v + 1099. Is d a composite number?
True
Suppose 25*h - 7*h - 267858 = 0. Suppose -35*o + 12*o + h = 0. Is o composite?
False
Let c(q) = -732*q + 125. Suppose 3*b + 33 = -u + 4, -4*b - 22 = -2*u. Is c(b) composite?
False
Let c(p) be the second derivative of p**4/12 - 4*p**2 + 31*p. Let n be c(-4). Suppose -7*k - 471 = -n*k. Is k prime?
False
Suppose 2*q = -2*f - 88490, -17 = -5*f + 8. Is 2 + q/(-9) - (-8)/24 prime?
True
Let o(f) = 181*f**2 - f - 3. Let w be ((-2)/1)/(-6) - (-160)/96. Suppose -q - 1 = -w*m + 3, 0 = 5*m + 5*q - 10. Is o(m) a composite number?
False
Let x(r) = 4*r + 1 + 4*r + 6*r - 18. Is x(17) a prime number?
False
Suppose 17*a - 20*a + 3*i = -49878, 16636 = a - 3*i. Is a a prime number?
False
Let u = 528946 + -373881. Is u prime?
False
Suppose -140*q + 475908 = -128*q. Is q composite?
False
Let q(z) = 35383*z**2 - 8*z + 39. Is q(-2) prime?
True
Let a = -25395 + 46558. Is a a composite number?
False
Let d be (164/(-6))/((-44)/12606). Suppose -m = -5164 - d. Suppose -c = 4*c - m. Is c a composite number?
True
Let x = -54 + 56. Let q(l) = -4*l + 6 + 0*l + 0*l + 23*l**3 - 1 + l**x. Is q(2) prime?
False
Let z = 78326 + -16807. Is z prime?
True
Let a(i) = 42*i**2 - 10*i - 13. Let z(g) = g**3 - 9*g**2 + g - 4. Let n be z(9). Suppose 65 = -14*s - n. Is a(s) a composite number?
False
Is 2/(-3)*4557630/(-140) a prime number?
False
Let j(f) be the third derivative of f**5/15 - 9*f**4/4 + 145*f**3/6 + 34*f**2. Is j(35) prime?
False
Suppose -26*i = -31*i + 25. Suppose -3469 + 39227 = o - r, 3*o - 107280 = i*r. Is o a composite number?
True
Let x(s) = 837*s + 128. Let n be x(17). Let m = n - 8895. Is m a composite number?
True
Let i be (-14148)/10*40/(-12). Suppose -i = -36*d + 35*d. Suppose j - 5*r = 1139, 5*j = 2*r + d + 979. Is j a composite number?
True
Let g be (1 - 3)*(-75)/30. Suppose 2477 = 5*v + 2*l + 221279, -5 = g*l. Is -2 + 5/4 + v/(-64) composite?
False
Suppose 9*s - 25 - 56 = 0. Suppose s*r - 8392 = r. Is r composite?
False
Let t(d) = -165*d**3 + 10*d**2 + 32*d + 4.